{"id":780,"date":"2025-02-20T23:45:48","date_gmt":"2025-02-20T23:45:48","guid":{"rendered":"https:\/\/tedxyouthfunchal.com\/?page_id=780"},"modified":"2025-02-20T23:47:10","modified_gmt":"2025-02-20T23:47:10","slug":"bia-peixe","status":"publish","type":"page","link":"https:\/\/tedxyouthfunchal.com\/?page_id=780","title":{"rendered":"Bia Peixe"},"content":{"rendered":"\n<div class=\"wp-block-columns is-layout-flex wp-container-core-columns-is-layout-28f84493 wp-block-columns-is-layout-flex\">\n<div class=\"wp-block-column is-layout-flow wp-block-column-is-layout-flow\">\n<figure class=\"wp-block-image size-full is-style-rounded\"><img fetchpriority=\"high\" decoding=\"async\" width=\"1024\" height=\"1024\" src=\"http:\/\/tedxyouthfunchal.com\/wp-content\/uploads\/2023\/11\/Imagem-Oradores-3.png\" alt=\"\" class=\"wp-image-776\" srcset=\"https:\/\/tedxyouthfunchal.com\/wp-content\/uploads\/2023\/11\/Imagem-Oradores-3.png 1024w, https:\/\/tedxyouthfunchal.com\/wp-content\/uploads\/2023\/11\/Imagem-Oradores-3-300x300.png 300w, https:\/\/tedxyouthfunchal.com\/wp-content\/uploads\/2023\/11\/Imagem-Oradores-3-150x150.png 150w, https:\/\/tedxyouthfunchal.com\/wp-content\/uploads\/2023\/11\/Imagem-Oradores-3-768x768.png 768w, https:\/\/tedxyouthfunchal.com\/wp-content\/uploads\/2023\/11\/Imagem-Oradores-3-600x600.png 600w, https:\/\/tedxyouthfunchal.com\/wp-content\/uploads\/2023\/11\/Imagem-Oradores-3-100x100.png 100w\" sizes=\"(max-width: 1024px) 100vw, 1024px\" \/><\/figure>\n<\/div>\n\n\n\n<div class=\"wp-block-column is-layout-flow wp-block-column-is-layout-flow\">\n<p class=\"has-text-align-justify has-extra-small-font-size\">Bia Peixe, tem 19 anos, \u00e9 natural da ilha do Porto Santo e desde os seus 8 que faz v\u00eddeos para o YouTube.<\/p>\n\n\n\n<p class=\"has-text-align-justify has-extra-small-font-size\">Atualmente frequenta o segundo ano do curso Audiovisual e Multim\u00e9dia, na Escola Superior de Comunica\u00e7\u00e3o Social, em Lisboa, \u00e9 criadora de conte\u00fados, mentora e ajuda empreendedores a escalarem os seus neg\u00f3cios atrav\u00e9s da cria\u00e7\u00e3o de conte\u00fado aut\u00eantico e org\u00e2nico.<\/p>\n\n\n\n<p class=\"has-text-align-justify has-extra-small-font-size\">Bia acredita ter uma mente inquieta, que pensa fora da caixa, completamente movida pela vontade de aprender, crescer e, acima de tudo, deixar um impacto positivo nas pessoas ao seu redor, porque cr\u00ea que o seu trabalho n\u00e3o \u00e9 sobre n\u00fameros, \u00e9 sobre pessoas.<\/p>\n<\/div>\n<\/div>\n\n\n\n<p><\/p>\n","protected":false},"excerpt":{"rendered":"<p> [&hellip;]<\/p>\n","protected":false},"author":1,"featured_media":0,"parent":0,"menu_order":0,"comment_status":"closed","ping_status":"closed","template":"","meta":{"footnotes":""},"class_list":["post-780","page","type-page","status-publish","hentry"],"jetpack_sharing_enabled":true,"_links":{"self":[{"href":"https:\/\/tedxyouthfunchal.com\/index.php?rest_route=\/wp\/v2\/pages\/780","targetHints":{"allow":["GET"]}}],"collection":[{"href":"https:\/\/tedxyouthfunchal.com\/index.php?rest_route=\/wp\/v2\/pages"}],"about":[{"href":"https:\/\/tedxyouthfunchal.com\/index.php?rest_route=\/wp\/v2\/types\/page"}],"author":[{"embeddable":true,"href":"https:\/\/tedxyouthfunchal.com\/index.php?rest_route=\/wp\/v2\/users\/1"}],"replies":[{"embeddable":true,"href":"https:\/\/tedxyouthfunchal.com\/index.php?rest_route=%2Fwp%2Fv2%2Fcomments&post=780"}],"version-history":[{"count":1,"href":"https:\/\/tedxyouthfunchal.com\/index.php?rest_route=\/wp\/v2\/pages\/780\/revisions"}],"predecessor-version":[{"id":782,"href":"https:\/\/tedxyouthfunchal.com\/index.php?rest_route=\/wp\/v2\/pages\/780\/revisions\/782"}],"wp:attachment":[{"href":"https:\/\/tedxyouthfunchal.com\/index.php?rest_route=%2Fwp%2Fv2%2Fmedia&parent=780"}],"curies":[{"name":"wp","href":"https:\/\/api.w.org\/{rel}","templated":true}]}}