{"id":803,"date":"2025-03-11T23:27:14","date_gmt":"2025-03-11T23:27:14","guid":{"rendered":"https:\/\/tedxyouthfunchal.com\/?page_id=803"},"modified":"2025-03-11T23:27:16","modified_gmt":"2025-03-11T23:27:16","slug":"mayra-santos","status":"publish","type":"page","link":"https:\/\/tedxyouthfunchal.com\/?page_id=803","title":{"rendered":"Mayra Santos"},"content":{"rendered":"\n<p><\/p>\n\n\n\n<div class=\"wp-block-columns is-layout-flex wp-container-core-columns-is-layout-28f84493 wp-block-columns-is-layout-flex\">\n<div class=\"wp-block-column is-layout-flow wp-block-column-is-layout-flow\">\n<figure class=\"wp-block-gallery has-nested-images columns-default is-cropped wp-block-gallery-2 is-layout-flex wp-block-gallery-is-layout-flex\">\n<figure class=\"wp-block-image size-large\"><img fetchpriority=\"high\" decoding=\"async\" width=\"768\" height=\"1024\" data-id=\"804\" src=\"https:\/\/tedxyouthfunchal.com\/wp-content\/uploads\/2025\/03\/mayra-768x1024.jpg\" alt=\"\" class=\"wp-image-804\" srcset=\"https:\/\/tedxyouthfunchal.com\/wp-content\/uploads\/2025\/03\/mayra-768x1024.jpg 768w, https:\/\/tedxyouthfunchal.com\/wp-content\/uploads\/2025\/03\/mayra-225x300.jpg 225w, https:\/\/tedxyouthfunchal.com\/wp-content\/uploads\/2025\/03\/mayra-600x800.jpg 600w, https:\/\/tedxyouthfunchal.com\/wp-content\/uploads\/2025\/03\/mayra.jpg 1024w\" sizes=\"(max-width: 768px) 100vw, 768px\" \/><\/figure>\n<\/figure>\n<\/div>\n\n\n\n<div class=\"wp-block-column is-layout-flow wp-block-column-is-layout-flow\">\n<p class=\"has-text-align-center\">Mayra Santos, uma nadadora de ultra-maratona e treinadora de \u00e1guas abertas certificado pelo Oceanman, e gostaria de compartilhar um pouco mais sobre minha jornada aqu\u00e1tica.<\/p>\n\n\n\n<p class=\"has-text-align-center\">Nasci em Juiz de Fora, Brasil, e embora tenha nadado um pouco na inf\u00e2ncia, nunca a pratiquei de forma competitiva nem conquistei campeonatos regionais. Na verdade, meu envolvimento significativo com a nata\u00e7\u00e3o s\u00f3 ocorreu quando me mudei para a deslumbrante Ilha da Madeira aos 24 anos.<\/p>\n\n\n\n<p class=\"has-text-align-center\">Ao chegar na Madeira, reacendi minha conex\u00e3o com o oceano, mas foi apenas em 2015 que minha paix\u00e3o pela nata\u00e7\u00e3o em \u00e1guas abertas realmente se acendeu. Isso aconteceu durante uma prova de 1500m, uma experi\u00eancia que despertou um amor avassalador pelas \u00e1guas abertas.<\/p>\n\n\n\n<p class=\"has-text-align-center\">Essa nova paix\u00e3o me motivou a mergulhar de cabe\u00e7a no mundo das ultramaratonas de nata\u00e7\u00e3o em \u00e1guas abertas. Posso n\u00e3o ter um hist\u00f3rico de campeonatos regionais ou nata\u00e7\u00e3o competitiva, mas minha jornada de uma nadadora casual para uma entusiasta da nata\u00e7\u00e3o em \u00e1guas abertas e treinadora tem sido verdadeiramente transformadora.<\/p>\n<\/div>\n<\/div>\n\n\n\n<p><\/p>\n","protected":false},"excerpt":{"rendered":"<p> [&hellip;]<\/p>\n","protected":false},"author":1,"featured_media":0,"parent":0,"menu_order":0,"comment_status":"closed","ping_status":"closed","template":"","meta":{"footnotes":""},"class_list":["post-803","page","type-page","status-publish","hentry"],"jetpack_sharing_enabled":true,"_links":{"self":[{"href":"https:\/\/tedxyouthfunchal.com\/index.php?rest_route=\/wp\/v2\/pages\/803","targetHints":{"allow":["GET"]}}],"collection":[{"href":"https:\/\/tedxyouthfunchal.com\/index.php?rest_route=\/wp\/v2\/pages"}],"about":[{"href":"https:\/\/tedxyouthfunchal.com\/index.php?rest_route=\/wp\/v2\/types\/page"}],"author":[{"embeddable":true,"href":"https:\/\/tedxyouthfunchal.com\/index.php?rest_route=\/wp\/v2\/users\/1"}],"replies":[{"embeddable":true,"href":"https:\/\/tedxyouthfunchal.com\/index.php?rest_route=%2Fwp%2Fv2%2Fcomments&post=803"}],"version-history":[{"count":1,"href":"https:\/\/tedxyouthfunchal.com\/index.php?rest_route=\/wp\/v2\/pages\/803\/revisions"}],"predecessor-version":[{"id":805,"href":"https:\/\/tedxyouthfunchal.com\/index.php?rest_route=\/wp\/v2\/pages\/803\/revisions\/805"}],"wp:attachment":[{"href":"https:\/\/tedxyouthfunchal.com\/index.php?rest_route=%2Fwp%2Fv2%2Fmedia&parent=803"}],"curies":[{"name":"wp","href":"https:\/\/api.w.org\/{rel}","templated":true}]}}